
3
Let x(b) = b**2 + b - 26. Let h(u) = 2*u**3 + 10*u**2 - 14*u. Let c be h(-6). What is the tens digit of x(c)?
3
Let f be (1 - 1)*5/15. Suppose 4*u - 1 - 15 = f. Suppose -u*x + 109 = 5*b, 5*x - 4 = -b + 1. What is the tens digit of b?
2
Suppose 5*f - 589 = 466. Let g = f - 150. What is the tens digit of g?
6
Let y(r) = r + 22. Let d be y(-10). Suppose 0*k = 3*k - d, -2*n + 6 = -k. What is the units digit of n?
5
Let o(m) = 150*m - 37. What is the hundreds digit of o(3)?
4
Let t be (0 + 3)/(12/32). Suppose r - 30 = -5*s, -5*r = -17 - t. What is the units digit of s?
5
Let n = -30 + 30. Suppose -2*a - 4 = n, 3*c + 0*c - 4*a - 20 = 0. What is the tens digit of 0 - (6*-3 + c)?
1
Let p = 8 - -12. Suppose -3*i - 3*b + 15 = b, -4*i + p = -4*b. Suppose 65 = i*h + 10. What is the units digit of h?
1
Suppose -3*d - 4*p - 2228 = -6*d, 0 = -2*d + 5*p + 1497. What is the hundreds digit of d?
7
What is the hundreds digit of 1/((-21518)/2391 - -9)?
3
Let p(x) = 5*x - 15. Let l(m) = -m + 1. Let t(s) = -4*l(s) - p(s). Let i be t(8). Suppose -5*o - 2*n + 12 = 0, o + 7*n = i*n + 6. What is the units digit of o?
2
Let f = 4412 + -1572. What is the tens digit of f?
4
Suppose 5*u - 271 - 459 = 0. Let m = u - 100. What is the tens digit of m?
4
Let j(a) = -6*a**3 + 17*a + 6*a**2 + 1 - 2*a**3 + a**2 + 7*a**3. Let q be j(9). What is the tens digit of q/48 - (-373)/6?
6
Let b = 556 + -308. What is the units digit of b?
8
Let q = 9 - 0. Let b be 3 + 8*(-11)/(-2). Suppose -q = 2*g - b. What is the units digit of g?
9
Let l(v) = v**2 + 8*v + 7. Let t be l(-7). Suppose -5*m = -t*a - 4*a - 23, -3*m = -2*a - 13. Suppose 4*y = -m + 163. What is the tens digit of y?
4
What is the tens digit of (-7)/(70/(-10)) + 1653?
5
Let b(w) = -2*w + 1. Let x be b(-2). Let q = -22 + 30. Suppose 0 = -3*u + x*u - q. What is the units digit of u?
4
Let i = -28 + 26. What is the tens digit of 3/(-2) - 405/i?
0
Let z be -10 + (-9 + 3)/(-3). Let o be (108/(-16))/(1/(-32)). What is the tens digit of ((-6)/z)/(9/o)?
1
Let m = 104 - 216. Let y = -48 - m. What is the tens digit of y?
6
Suppose 2*n - 2 = 2. Suppose 0 = -5*s - 2*h + 360, -5*s = -4*s - n*h - 72. What is the tens digit of s?
7
Suppose -32*z - 24 = -30*z. What is the hundreds digit of 678/4 + 6/z?
1
Let i(u) = u**3 - u**2 + 8*u + 22. Suppose -w + 34 = 29. What is the hundreds digit of i(w)?
1
What is the hundreds digit of 4848/18*(3/(-2) + 3)?
4
What is the units digit of (0 - -1)/((-21)/105) - -1178?
3
Let z(r) = 11*r**2 - 15*r + 387. What is the thousands digit of z(13)?
2
Let j be (-2)/(-3) - (-300)/36. Suppose 5*t - 2*y = 113, -t + 0*t - y = -17. Let a = t - j. What is the units digit of a?
2
Let c(r) be the third derivative of -11*r**4/24 + r**3/3 + r**2. What is the tens digit of c(-1)?
1
Suppose 4*s - 1812 = 4*a, s + a - 5*a - 453 = 0. Let t = 723 - s. What is the tens digit of t?
7
Let b(a) = -2*a**3 + 20*a**2 - 2*a + 22. Let d be b(10). Suppose -l + 344 = 4*o, 420 = d*l + 2*o - 238. What is the tens digit of l?
2
Suppose 14*x + 154 = 3052. What is the hundreds digit of x?
2
Let b = -28 + 135. Let o = 161 - b. What is the units digit of o?
4
Let a(z) = -17*z - 21. Let u be (-11)/(-4)*4*-1. What is the units digit of a(u)?
6
Let u = -254 + 392. Suppose -5*o - u = -4*i + 3*i, -o + 265 = 2*i. What is the units digit of i?
3
Let v(b) = -23*b - 11. Suppose 7*g = -13 + 90. Let a be v(g). What is the tens digit of 2/4 - a/16?
1
Let i be (-9)/12*(-16)/6. Suppose 0 = -0*c + i*c - 126. What is the tens digit of c?
6
Let c = -81 - -57. Suppose -v + 91 = -3*h, 2*v - 5*v - 15 = 0. Let u = c - h. What is the units digit of u?
8
Let j = 26 + -6. Let i = j - 18. Suppose i*s - 5 = 31. What is the tens digit of s?
1
Let f be (4/(-3))/(4/36). Let x = f + 14. What is the units digit of x?
2
What is the units digit of (-4)/(12/(-9645)) + (-29 - -31)?
7
What is the hundreds digit of 1 + 3/(-1) - (-7 - 715)?
7
Suppose 4*u + 2*u - 2388 = 0. What is the hundreds digit of u?
3
Suppose -2*s + s + 3 = 0. Let k(j) = 9*j**2. Let u be k(-3). Suppose -u = -s*w - 12. What is the tens digit of w?
2
Let v be (-6 - -4)*(1 - 11). Suppose 0*u - 5*u = -v. Suppose 4*l - 220 = -5*y, -u*y - 244 = -4*l - 3*y. What is the units digit of l?
0
Let c(d) = 4*d**2 + 13*d + 46. What is the tens digit of c(-8)?
9
Suppose 13 = 4*i - 3. Let u be (i/10)/((-1)/(-150)). What is the tens digit of 1/(2/u) - 2?
2
Suppose 5 = 5*c - 15. Let j(f) = -c - 2*f**2 + f**2 + 3*f - 12*f. What is the units digit of j(-6)?
4
Let o = 729 + 1626. What is the thousands digit of o?
2
Let p = -49 + 19. Let c = -9 - p. What is the units digit of c?
1
Suppose 56*t - 59*t + 4*y + 7216 = 0, 5*t = -4*y + 11984. What is the units digit of t?
0
Let q = 7 + -8. What is the units digit of ((30/(-4))/q)/((-9)/(-18))?
5
Suppose 0 = -21*j + 11 + 5827. What is the hundreds digit of j?
2
Suppose -705*z = -711*z + 2628. What is the tens digit of z?
3
Suppose g - 270 = -181. What is the tens digit of g?
8
Let f = -13 + 22. Let j be ((-5)/2)/(f/(-324)). Suppose 5*u = 100 + j. What is the tens digit of u?
3
Let v(r) = -r**3 + 12*r**2 - 2*r + 110. What is the hundreds digit of v(7)?
3
Suppose 0 = -o + 12 + 16. Let z = -21 - o. Let m = -29 - z. What is the units digit of m?
0
Suppose -5*r - 5*b = 60, 5*r = 5*b - 47 + 7. Suppose 9*k - 21 = 114. Let x = k + r. What is the units digit of x?
5
Suppose -12*v - 19*v + 13857 = 0. What is the tens digit of v?
4
Suppose 3*i = -0*y + y - 9, -4*y - i = 3. Suppose -w + 165 = 2*w + 3*a, -w + 4*a + 45 = y. What is the tens digit of w?
5
Let j = -692 - -1031. What is the tens digit of j?
3
Let x = 3434 + -424. What is the tens digit of x?
1
Let s(z) = 4*z - 12. Let p be s(7). Let t = p - 14. Suppose -t*a = -3*a + 25. What is the tens digit of a?
2
Suppose -3*w + 2*u + 344 = 0, 3*w + 2*w = 2*u + 568. Suppose -w = 2*i - 326. What is the tens digit of i?
0
Let h(t) = -t**3 + 4*t**2 - t - 5. Let a be h(4). Let y = 18 + a. What is the units digit of y?
9
Let u be 5/(-3 + 7/2). Let r = -17 - u. What is the units digit of (r/4)/(24/(-128))?
6
Let n(k) = -24*k**2 + k - 2. Let t(s) = -121*s**2 + 6*s - 11. Let q = 3 + -1. Let r(v) = q*t(v) - 11*n(v). What is the tens digit of r(-1)?
2
Suppose 0 = -2*z + 5*z - 3. Let g be 2/(6*z/15). Suppose g*n = 5*u - 120, 26 - 97 = -4*u - n. What is the tens digit of u?
1
Let o = 22 - -480. What is the hundreds digit of o?
5
Let s be 4/((-3)/(-5) + (-1)/2). Let d = s + 26. What is the tens digit of d?
6
Let y be (-3)/((-15)/20) - -6. Let p = 20 - y. Suppose 6*r - p*r + 80 = 0. What is the units digit of r?
0
Let u be -2*-6*(-2)/(-8). Suppose 223 = u*l + 28. What is the tens digit of l?
6
Let i be 47 - 9 - (1 - 0). Let w = i - -16. What is the units digit of w?
3
Suppose 19 = 5*t - 2*o, 4*o = t + 2*t - 3. Suppose v - t*h = 3*v - 73, -99 = -3*v + 3*h. What is the tens digit of v?
3
Suppose -663*a + 647*a + 47312 = 0. What is the hundreds digit of a?
9
Let b be (-3)/(3*(-4)/8). Suppose x + 4*c = b*c - 3, -5*c - 18 = x. Suppose x*u - 136 - 284 = 0. What is the tens digit of u?
6
Let v(m) = -m**3 + 2*m**3 + 3*m**3. Let y = 42 + -41. What is the units digit of v(y)?
4
Let j(r) = 2*r**2 + 8*r + 7. Let o = 25 + -32. What is the units digit of j(o)?
9
Let f be 11515/(-15) - 2/(-3). Let g = f + 1086. What is the tens digit of g?
1
Let p(a) = a**3 + a**2 - 4. Let n be p(-3). Let i(k) = -k**2 - 28*k + 17. What is the tens digit of i(n)?
4
Let k = -283 + 697. What is the hundreds digit of k?
4
Suppose 4*r + d = 3800, -1894 = -25*r + 23*r + d. What is the tens digit of r?
4
Suppose 0 = 2*t - 9 + 3. Suppose -u = -3*h - 69, -u = 2*u - t*h - 177. Let k = -19 + u. What is the tens digit of k?
3
Let q(x) be the second derivative of -x**4/12 - 2*x**3/3 - 2*x**2 + 4*x. Let y be q(-4). What is the tens digit of -2 + (-88)/y + 0?
2
Let u = -47 - -53. Suppose -c = -2*g - 38, -u*c + 2*c + 5*g = -152. What is the tens digit of c?
3
Let j(h) = -h + 12. Let t be j(9). Let s be ((-27)/(-18))/(t/4). Suppose -5*p + 13 + s = 0. What is the units digit of p?
3
Let a(r) = -2*r + 13. Let m be a(0). Let b = 34 - m. What is the tens digit of b?
2
Suppose c + 7 = -3*g, -4*c + 5*g + 15 = -5*c. Suppose -c*d = h - 700, 563 + 3 = 4*d + 2*h. What is the tens digit of d?
3
Suppose c - x = 69, 3*x = c